der when 344 is divided by 90?
74
Calculate the remainder when 968 is divided by 5.
3
Calculate the remainder when 285 is divided by 19.
0
What is the remainder when 1517 is divided by 49?
47
What is the remainder when 644 is divided by 15?
14
Calculate the remainder when 105 is divided by 27.
24
What is the remainder when 154 is divided by 73?
8
Calculate the remainder when 642 is divided by 93.
84
Calculate the remainder when 457 is divided by 20.
17
What is the remainder when 864 is divided by 282?
18
What is the remainder when 10707 is divided by 85?
82
Calculate the remainder when 121 is divided by 68.
53
Calculate the remainder when 1819 is divided by 57.
52
Calculate the remainder when 15 is divided by 11.
4
What is the remainder when 31 is divided by 12?
7
Calculate the remainder when 59 is divided by 23.
13
Calculate the remainder when 5793 is divided by 92.
89
What is the remainder when 43 is divided by 15?
13
Calculate the remainder when 3020 is divided by 430.
10
What is the remainder when 277 is divided by 56?
53
What is the remainder when 226 is divided by 59?
49
Calculate the remainder when 484 is divided by 91.
29
Calculate the remainder when 595 is divided by 119.
0
What is the remainder when 989 is divided by 71?
66
What is the remainder when 88 is divided by 32?
24
What is the remainder when 2137 is divided by 82?
5
Calculate the remainder when 2279 is divided by 60.
59
Calculate the remainder when 351 is divided by 194.
157
Calculate the remainder when 109 is divided by 19.
14
Calculate the remainder when 1057 is divided by 1043.
14
What is the remainder when 117 is divided by 59?
58
Calculate the remainder when 199 is divided by 40.
39
What is the remainder when 105 is divided by 34?
3
Calculate the remainder when 161 is divided by 75.
11
Calculate the remainder when 532 is divided by 89.
87
What is the remainder when 46 is divided by 14?
4
What is the remainder when 1919 is divided by 242?
225
Calculate the remainder when 888 is divided by 11.
8
Calculate the remainder when 1244 is divided by 90.
74
Calculate the remainder when 949 is divided by 192.
181
Calculate the remainder when 1156 is divided by 40.
36
What is the remainder when 777 is divided by 159?
141
Calculate the remainder when 3 is divided by 3.
0
What is the remainder when 1277 is divided by 253?
12
What is the remainder when 15 is divided by 9?
6
What is the remainder when 491 is divided by 2?
1
Calculate the remainder when 140 is divided by 45.
5
What is the remainder when 1006 is divided by 19?
18
Calculate the remainder when 995 is divided by 198.
5
Calculate the remainder when 14983 is divided by 37.
35
Calculate the remainder when 997 is divided by 175.
122
What is the remainder when 1142 is divided by 198?
152
What is the remainder when 610 is divided by 191?
37
Calculate the remainder when 432 is divided by 23.
18
Calculate the remainder when 316 is divided by 17.
10
Calculate the remainder when 616 is divided by 126.
112
What is the remainder when 920 is divided by 34?
2
Calculate the remainder when 2598 is divided by 50.
48
What is the remainder when 334 is divided by 39?
22
What is the remainder when 356 is divided by 19?
14
What is the remainder when 900 is divided by 82?
80
What is the remainder when 70 is divided by 21?
7
Calculate the remainder when 121 is divided by 58.
5
What is the remainder when 602 is divided by 475?
127
What is the remainder when 2742 is divided by 183?
180
What is the remainder when 998 is divided by 45?
8
Calculate the remainder when 216 is divided by 40.
16
Calculate the remainder when 585 is divided by 149.
138
What is the remainder when 797 is divided by 41?
18
What is the remainder when 107 is divided by 39?
29
Calculate the remainder when 4715 is divided by 3.
2
What is the remainder when 918 is divided by 13?
8
What is the remainder when 86 is divided by 42?
2
What is the remainder when 128 is divided by 80?
48
What is the remainder when 60 is divided by 17?
9
Calculate the remainder when 3817 is divided by 201.
199
What is the remainder when 251 is divided by 85?
81
What is the remainder when 239 is divided by 27?
23
What is the remainder when 396 is divided by 2?
0
What is the remainder when 1119 is divided by 2?
1
Calculate the remainder when 249 is divided by 52.
41
What is the remainder when 68 is divided by 14?
12
What is the remainder when 861 is divided by 427?
7
Calculate the remainder when 1169 is divided by 7.
0
What is the remainder when 502 is divided by 21?
19
Calculate the remainder when 649 is divided by 112.
89
What is the remainder when 497 is divided by 20?
17
Calculate the remainder when 43876 is divided by 71.
69
What is the remainder when 1093 is divided by 272?
5
What is the remainder when 38 is divided by 13?
12
What is the remainder when 2182 is divided by 26?
24
Calculate the remainder when 130 is divided by 17.
11
What is the remainder when 294 is divided by 78?
60
Calculate the remainder when 376 is divided by 63.
61
Calculate the remainder when 1534 is divided by 29.
26
What is the remainder when 531 is divided by 76?
75
Calculate the remainder when 963 is divided by 202.
155
What is the remainder when 66 is divided by 3?
0
Calculate the remainder when 284 is divided by 2.
0
What is the remainder when 1363 is divided by 172?
159
Calculate the remainder when 540 is divided by 136.
132
What is the remainder when 2435 is divided by 14?
13
What is the remainder when 235 is divided by 38?
7
Calculate the remainder when 322 is divided by 105.
7
What is the remainder when 101 is divided by 64?
37
What is the remainder when 138 is divided by 48?
42
Calculate the remainder when 933 is divided by 13.
10
Calculate the remainder when 58 is divided by 15.
13
What is the remainder when 972 is divided by 7?
6
Calculate the remainder when 5979 is divided by 221.
12
Calculate the remainder when 269 is divided by 28.
17
What is the remainder when 15657 is divided by 87?
84
What is the remainder when 314 is divided by 35?
34
What is the remainder when 64 is divided by 6?
4
What is the remainder when 664 is divided by 22?
4
Calculate the remainder when 2270 is divided by 142.
140
Calculate the remainder when 505 is divided by 39.
37
Calculate the remainder when 95 is divided by 16.
15
Calculate the remainder when 45 is divided by 17.
11
What is the remainder when 8309 is divided by 3?
2
Calculate the remainder when 361 is divided by 70.
11
Calculate the remainder when 94 is divided by 73.
21
Calculate the remainder when 480 is divided by 132.
84
What is the remainder when 354 is divided by 133?
88
What is the remainder when 338 is divided by 93?
59
Calculate the remainder when 981 is divided by 100.
81
Calculate the remainder when 359 is divided by 30.
29
What is the remainder when 281 is divided by 74?
59
Calculate the remainder when 81 is divided by 15.
6
Calculate the remainder when 276 is divided by 50.
26
Calculate the remainder when 1217 is divided by 62.
39
Calculate the remainder when 2479 is divided by 19.
9
What is the remainder when 3665 is divided by 28?
25
What is the remainder when 1652 is divided by 18?
14
Calculate the remainder when 45 is divided by 13.
6
Calculate the remainder when 21 is divided by 15.
6
Calculate the remainder when 1568 is divided by 103.
23
What is the remainder when 359 is divided by 41?
31
What is the remainder when 381 is divided by 8?
5
Calculate the remainder when 3117 is divided by 26.
23
Calculate the remainder when 11746 is divided by 25.
21
Calculate the remainder when 2130 is divided by 69.
60
Calculate the remainder when 5938 is divided by 60.
58
What is the remainder when 1220 is divided by 17?
13
What is the remainder when 719 is divided by 45?
44
Calculate the remainder when 34 is divided by 23.
11
Calculate the remainder when 94 is divided by 10.
4
What is the remainder when 734 is divided by 192?
158
What is the remainder when 140 is divided by 42?
14
What is the remainder when 646 is divided by 8?
6
Calculate the remainder when 121 is divided by 29.
5
What is the remainder when 1903 is divided by 36?
31
What is the remainder when 993 is divided by 166?
163
What is the remainder when 4988 is divided by 104?
100
What is the remainder when 1506 is 